{"id":1645,"date":"2023-12-08T17:36:12","date_gmt":"2023-12-08T17:36:12","guid":{"rendered":"https:\/\/isc.uninjingambande.ed.ao\/?page_id=1645"},"modified":"2023-12-23T19:37:07","modified_gmt":"2023-12-23T19:37:07","slug":"attendants","status":"publish","type":"page","link":"https:\/\/isc.urnm.edu.ao\/2023\/attendants\/","title":{"rendered":"Attendants"},"content":{"rendered":"\t\t<div data-elementor-type=\"wp-page\" data-elementor-id=\"1645\" class=\"elementor elementor-1645\">\n\t\t\t\t<div class=\"elementor-element elementor-element-d8da039 e-con-full e-flex e-con e-parent\" data-id=\"d8da039\" data-element_type=\"container\" data-settings=\"{&quot;background_background&quot;:&quot;gradient&quot;}\">\n\t\t\t\t<div class=\"elementor-element elementor-element-0684dbc elementor-widget__width-initial elementor-widget elementor-widget-text-editor\" data-id=\"0684dbc\" data-element_type=\"widget\" data-widget_type=\"text-editor.default\">\n\t\t\t\t<div class=\"elementor-widget-container\">\n\t\t\t\t\t\t\t\t\t<table width=\"1033\"><tbody><tr><td width=\"82\"><strong>N.\u00ba<\/strong><\/td><td width=\"437\"><strong>Attendants<\/strong><\/td><td width=\"514\"><strong>Affiliations<\/strong><\/td><\/tr><tr><td>1<\/td><td>Ad\u00e3o Manuel Correia Jo\u00e3o<\/td><td>URNM, Malanje-Angola<\/td><\/tr><tr><td>2<\/td><td>Adelino Manuel Ad\u00e3o<\/td><td>URNM, Malanje-Angola<\/td><\/tr><tr><td>3<\/td><td>Adelino Tchilanda Tchivango<\/td><td>Department of Health Sciences, Rainha Njinga a Mbande University, Malanje-Angola<\/td><\/tr><tr><td>4<\/td><td>Adilson Serrote de Sousa<\/td><td>URNM, Malanje-Angola<\/td><\/tr><tr><td>5<\/td><td>Ageu Ad\u00e3o Lora Serrote<\/td><td>URNM, Malanje-Angola<\/td><\/tr><tr><td>6<\/td><td>Ageu Sa\u00f1gala<\/td><td>Polytechnic Institute, University Rainha Njinga a Mbande. Malanje,\u00a0Angola<\/td><\/tr><tr><td>7<\/td><td>Aires Guilherme Vunge Quissanga<\/td><td>URNM, Malanje-Angola<\/td><\/tr><tr><td>8<\/td><td width=\"437\">Alberto Zumba Kirinda<\/td><td width=\"514\">Cuanza Norte Pedagogical Higher School. Cuanza Norte, Angola; Politechinic Institute &amp; Rainha Njinga a Mbande University, Malanje-Angola<\/td><\/tr><tr><td>9<\/td><td>Alexandre Luis da Silva Hongolo<\/td><td>Department of Social Sciences, Rainha Njinga a Mbande University, Malanje-Angola<\/td><\/tr><tr><td>10<\/td><td width=\"437\">Alfredo Capitango de L\u00facio<\/td><td width=\"514\">University of Namibe, Faculty of Social Sciences and humaninties, Namibe, Angola<\/td><\/tr><tr><td>11<\/td><td>Alfredo Catueni Anacleto Morais<\/td><td>Polytechnic Institute, University Rainha Njinga a Mbande. Malanje,\u00a0Angola<\/td><\/tr><tr><td>12<\/td><td>Alice de Ceita e Almeida<\/td><td>MESCTI, Luanda-Angola<\/td><\/tr><tr><td>13<\/td><td>Am\u00e9rico Tiago Jos\u00e9 Tom\u00e1s<\/td><td>Medical School, Rainha Njinga a Mbande University,\u00a0Malanje-Angola<\/td><\/tr><tr><td>14<\/td><td>Anacleto Leite Manuel<\/td><td>Medical School, Rainha Njinga a Mbande University,\u00a0Malanje-Angola<\/td><\/tr><tr><td>15<\/td><td>Andr\u00e9 Nogueira Ant\u00f3nio Mois\u00e9s<\/td><td>AEURNM, Malanje-Angola<\/td><\/tr><tr><td>16<\/td><td>Andr\u00e9 Tongo Quiluanje<\/td><td>Medical School, Rainha Njinga a Mbande University,\u00a0Malanje-Angola<\/td><\/tr><tr><td>17<\/td><td>Anselmo de Assun\u00e7\u00e3o Manuel Andr\u00e9<\/td><td>AEURNM, Malanje-Angola<\/td><\/tr><tr><td>18<\/td><td>Antonica Augusto Fonseca<\/td><td>AEURNM, Malanje-Angola<\/td><\/tr><tr><td>19<\/td><td>Ant\u00f3nio Alcochete<\/td><td>MESCTI, Luanda-Angola<\/td><\/tr><tr><td>20<\/td><td width=\"437\">Ant\u00f3nio Andr\u00e9 Chivanga Barros<\/td><td>ISPTEC, Angola<\/td><\/tr><tr><td>21<\/td><td>Ant\u00f3nio Domingos Alberto<\/td><td>URNM, Malanje-Angola<\/td><\/tr><tr><td>22<\/td><td>Ant\u00f3nio Fernando<\/td><td>URNM, Malanje-Angola<\/td><\/tr><tr><td>23<\/td><td>Ant\u00f3nio Mois\u00e9s Ngongo<\/td><td>URNM, Malanje-Angola<\/td><\/tr><tr><td>24<\/td><td>Ant\u00f4nio Sachinda<\/td><td>Polytechnic Institute, University Rainha Njinga a Mbande. Malanje,\u00a0Angola<\/td><\/tr><tr><td>25<\/td><td>Arieth Pilares<\/td><td>Medical School, Rainha Njinga a Mbande University,\u00a0Malanje-Angola<\/td><\/tr><tr><td>26<\/td><td>Arminda Sebasti\u00e3o Magalh\u00e3es<\/td><td>URNM, Malanje-Angola<\/td><\/tr><tr><td>27<\/td><td>Asaf da Gra\u00e7a R. Ernesto\u00a0<\/td><td>Medical School, Rainha Njinga a Mbande University,\u00a0Malanje-Angola<\/td><\/tr><tr><td>28<\/td><td>Bernardo Nicodemo Gomes Chimbuco<\/td><td>URNM, Malanje-Angola<\/td><\/tr><tr><td>29<\/td><td>Bettencourt Munanga<\/td><td>URNM, Malanje-Angola<\/td><\/tr><tr><td>30<\/td><td>Bonif\u00e1cio Paulo da Cruz<\/td><td>AEURNM, Malanje-Angola<\/td><\/tr><tr><td>31<\/td><td>Calvino Silas Ad\u00e3o<\/td><td>AEURNM, Malanje-Angola<\/td><\/tr><tr><td>32<\/td><td>Carlos Lucas Lauriano<\/td><td>Agri-food Institute of Technology, Rainha Njinga a Mbande University,\u00a0Malanje-Angola<\/td><\/tr><tr><td>33<\/td><td>Cl\u00e1udio Garcia Capanzo Zua<\/td><td>URNM, Malanje-Angola<\/td><\/tr><tr><td>34<\/td><td>Constantino Lucas Queta<\/td><td>Agri-food Institute of Technology, Rainha Njinga a Mbande University,\u00a0Malanje-Angola<\/td><\/tr><tr><td>35<\/td><td>Cristina Franco Jos\u00e9<\/td><td>URNM, Malanje-Angola<\/td><\/tr><tr><td>36<\/td><td>Daniel Muiamba<\/td><td>Polytechnic Institute, University Rainha Njinga a Mbande. Malanje,\u00a0Angola<\/td><\/tr><tr><td>37<\/td><td>Danildo Gama Mateus\u00a0<\/td><td>URNM, Malanje-Angola<\/td><\/tr><tr><td>38<\/td><td>D\u00e9rcio Bartolomeu Calombe Quimbamba<\/td><td>AEURNM, Malanje-Angola<\/td><\/tr><tr><td>39<\/td><td>Dion\u00edsia Tchilombo da Concei\u00e7\u00e3o Xavier<\/td><td>URNM, Malanje-Angola<\/td><\/tr><tr><td>40<\/td><td>Domingos de Ara\u00fajo G\u00e1z<\/td><td>URNM, Malanje-Angola<\/td><\/tr><tr><td>41<\/td><td>Domingos Gombo<\/td><td>ISCAT, Malanje-Angola<\/td><\/tr><tr><td>42<\/td><td>Edmilson Lu\u00eds Figueira Serrote<\/td><td>AEURNM, Malanje-Angola<\/td><\/tr><tr><td>43<\/td><td>Edson Noka Diakunde Fernando Nogueira<\/td><td>Centro Nacional de Investiga\u00e7\u00e3o Cient\u00edfica \u2013 CNIC. Luanda-Angola; Politechnic Institute of Cuanza Sul, Sumbe, Cuanza Sul-Angola<\/td><\/tr><tr><td>44<\/td><td>Eduardo Andr\u00e9 Quicongo<\/td><td>Department of Agronomy, Kimpa Vita University, U\u00edge-Angola, (2) Rainha Njinga a Mbande University, Malanje-Angola<\/td><\/tr><tr><td>45<\/td><td>Eduardo Domingos Jos\u00e9 Jorge<\/td><td>Politechnic Institute of Cuanza Sul, Sumbe, Cuanza Sul-Angola<\/td><\/tr><tr><td>46<\/td><td>Eduardo Ekundi Valentim<\/td><td>URNM, Malanje-Angola<\/td><\/tr><tr><td>47<\/td><td>Efig\u00e9nia Singa Cassule Camela<\/td><td>URNM, Malanje-Angola<\/td><\/tr><tr><td>48<\/td><td>Em\u00edlia Alberto Mateus<\/td><td>AEURNM, Malanje-Angola<\/td><\/tr><tr><td>49<\/td><td>Enoel Hernandez<\/td><td>Polytechnic Institute, University Rainha Njinga a Mbande. Malanje,\u00a0Angola<\/td><\/tr><tr><td>50<\/td><td>Esmeraldo Nkodia Cardoso Pedro<\/td><td>Middle Agrarian Institute of Cuanza-Sul &amp; (2) Rainha Njinga a Mbande University, Malanje-Angola<\/td><\/tr><tr><td>51<\/td><td>Esperan\u00e7a Cassambua Nzambi;<\/td><td>Agri-food Institute of Technology, Rainha Njinga a Mbande University,\u00a0Malanje-Angola<\/td><\/tr><tr><td>52<\/td><td width=\"437\">Eug\u00eanio de Campos<\/td><td width=\"514\">Rainha Njinga a Mbande University, Malanje-Angola &amp; University of Lisbon, Lisbon-Portugal<\/td><\/tr><tr><td>53<\/td><td>Evaristo Albano Dala<\/td><td>URNM, Malanje-Angola<\/td><\/tr><tr><td>54<\/td><td width=\"437\">Famoroso Costa<\/td><td width=\"514\">Rainha Njinga a Mbande University, Malanje-Angola; University of Montpellier &amp; Institut Agro, Montpellier-France<\/td><\/tr><tr><td>55<\/td><td>Fernando Paulo Bunga Adolfo<\/td><td>AEURNM, Malanje-Angola<\/td><\/tr><tr><td>56<\/td><td>Fernando Paulo Faria<\/td><td>URNM, Malanje-Angola<\/td><\/tr><tr><td>57<\/td><td>Flor\u00eancia Cassinda<\/td><td>URNM, Malanje-Angola<\/td><\/tr><tr><td>58<\/td><td>Franceline da S. Cabica<\/td><td>ISCAT, Malanje-Angola<\/td><\/tr><tr><td>59<\/td><td>Francisca Maria Wilson Chib\u00e1s<\/td><td>Universidad de Ciencias M\u00e9dicas, Guant\u00e1namo-Cuba &amp; URNM, Malanje-Angola<\/td><\/tr><tr><td>60<\/td><td>Francisco Agostinho Sim\u00e3o Muxito<\/td><td>URNM, Malanje-Angola<\/td><\/tr><tr><td>61<\/td><td width=\"437\">Francisco \u00c1lvaro dos Santos<\/td><td width=\"514\">ALGORITMI Research Centre \/ LASI, University of Minho, Braga-Portugal &amp; Polytechnic Institute, Kimpa Vita University, U\u00edge-Angola<\/td><\/tr><tr><td>62<\/td><td>Francisco Carlos Andr\u00e9<\/td><td>URNM, Malanje-Angola<\/td><\/tr><tr><td>63<\/td><td>Francisco Manuel Xavier\u00a0<\/td><td width=\"514\">Bengo Polytechnic Institute. Bengo, Angola<\/td><\/tr><tr><td>64<\/td><td>Edvaldo Rufino Severino<\/td><td width=\"514\">Bengo Polytechnic Institute. Bengo, Angola<\/td><\/tr><tr><td>65<\/td><td>Francisco Soares Paulo Ant\u00f3nio<\/td><td>URNM, Malanje-Angola<\/td><\/tr><tr><td>66<\/td><td>Franco Cazembe Mufinda<\/td><td>GPM, Malanje-Angola<\/td><\/tr><tr><td>67<\/td><td>Gabriel Ant\u00f3nio Simoli<\/td><td>URNM, Malanje-Angola<\/td><\/tr><tr><td>68<\/td><td>Geovane Albano Esteves<\/td><td>AEURNM, Malanje-Angola<\/td><\/tr><tr><td>69<\/td><td>Gilberto Francisco Panzo<\/td><td>URNM, Malanje-Angola<\/td><\/tr><tr><td>70<\/td><td>Gilson Rebelo Samahina das Neves<\/td><td>Department of Educational Sciences, Rainha Njinga a Mbande University, Malanje-Angola<\/td><\/tr><tr><td>71<\/td><td>Gon\u00e7alo Meio-Dia Ant\u00f3nio<\/td><td>URNM, Malanje-Angola<\/td><\/tr><tr><td>72<\/td><td>Guilherme Jos\u00e9 Gon\u00e7alves Pereira<\/td><td>URNM, Malanje-Angola<\/td><\/tr><tr><td>73<\/td><td>Hedy Joanilson Fortunato Ant\u00f3nio<\/td><td>URNM, Malanje-Angola<\/td><\/tr><tr><td>74<\/td><td>Heide Maura Garcia Lu\u00eds Munanga<\/td><td>URNM, Malanje-Angola<\/td><\/tr><tr><td>75<\/td><td>Hermenegildo Marinha Cassoada<\/td><td>Faculty of Engineering and New Technologies, Greg\u00f3rio Semedo, University. Luanda-Angola<\/td><\/tr><tr><td>76<\/td><td>In\u00eas Fernando Francisco<\/td><td>Agri-food Institute of Technology, Rainha Njinga a Mbande University,\u00a0Malanje-Angola<\/td><\/tr><tr><td>77<\/td><td>Isabel Balanga Pedro<\/td><td>Department of Process Engineering, Rainha Njinga a Mbande University, Malanje-Angola<\/td><\/tr><tr><td>78<\/td><td>Isabel Diauno Ant\u00f3nio Manuel<\/td><td>AEURNM, Malanje-Angola<\/td><\/tr><tr><td>79<\/td><td>Isabel Mart\u00e9n Powel<\/td><td>Medical School, Rainha Njinga a Mbande University,\u00a0Malanje-Angola<\/td><\/tr><tr><td>80<\/td><td>Jacinto Muanbumba<\/td><td>ISCAT, Malanje-Angola<\/td><\/tr><tr><td>81<\/td><td>Jacinto Samuel de Nascimento<\/td><td>AEURNM, Malanje-Angola<\/td><\/tr><tr><td>82<\/td><td>Jacob Mateus Correia<\/td><td>URNM, Malanje-Angola<\/td><\/tr><tr><td>83<\/td><td>Janu\u00e1rio\u00a0Afonso<\/td><td>ISCAT, Malanje-Angola<\/td><\/tr><tr><td>84<\/td><td>Jerri Vissapa Leit\u00e3o Gombo\u00a0<\/td><td width=\"514\">Biocom &#8211; Angola Bioenergy Company<\/td><\/tr><tr><td>85<\/td><td>Jo\u00e3o Bernardo Passi<\/td><td width=\"514\">\u00a0<\/td><\/tr><tr><td>86<\/td><td width=\"437\">Jesus A. Tom\u00e9<\/td><td width=\"514\">Agostinho Neto University, Luanda-Angola<\/td><\/tr><tr><td>87<\/td><td width=\"437\">Jo\u00e3o de Deus Ferraz Vunge<\/td><td width=\"514\">Politechinic Institute, Rainha Njinga a Mbande University, Malanje-Angola<\/td><\/tr><tr><td>88<\/td><td>Joaquina Marisa Luzia Caping\u00e3la\u00a0<\/td><td>URNM, Malanje-Angola<\/td><\/tr><tr><td>89<\/td><td>Jos\u00e9 Bernardo da Fonseca<\/td><td>Polytechnic Institute, University Rainha Njinga a Mbande. Malanje,\u00a0Angola<\/td><\/tr><tr><td>90<\/td><td>Jos\u00e9 Fazenda<\/td><td>ISCAT, Malanje-Angola<\/td><\/tr><tr><td>91<\/td><td>Jos\u00e9 Manuel Ginga Tom\u00e1s\u00a0<\/td><td>Angola<\/td><\/tr><tr><td>92<\/td><td>Jos\u00e9 Uindua Ant\u00f3nio Zangue<\/td><td>Politechnic Institute of Cuanza Sul, Sumbe, Cuanza Sul-Angola<\/td><\/tr><tr><td>93<\/td><td>Josefina Nassoma Sandemba Hungulo Horas<\/td><td>URNM, Malanje-Angola<\/td><\/tr><tr><td>94<\/td><td>Josn\u00e9 Ferreira Alfredo Gon\u00e7alves<\/td><td>URNM, Malanje-Angola<\/td><\/tr><tr><td>95<\/td><td>J\u00falio Comprido Xirimbimbi<\/td><td>URNM, Malanje-Angola<\/td><\/tr><tr><td>96<\/td><td>Juv\u00eancio Luciano Benza<\/td><td>URNM, Malanje-Angola<\/td><\/tr><tr><td>97<\/td><td width=\"437\">Kalonesse de Arag\u00e3o Jo\u00e3o<\/td><td width=\"514\">Department of Public Health, Faculty of Medicine, Agostinho Neto University. Luanda Angola &amp; Department of Health Sciences, Polytechnic Institute,\u00a0 Rainha Njinga a Mbande University, Malanje-Angola<\/td><\/tr><tr><td>98<\/td><td>Kanga Pedro<\/td><td>Politechnic Institute of Cuanza Sul, Sumbe, Cuanza Sul-Angola; Esta\u00e7\u00e3o de Desenvolvimento Agr\u00e1rio de Cacuaco-Luanda<\/td><\/tr><tr><td>99<\/td><td width=\"437\">Karen Luc\u00e9lia Pedro Garcia<\/td><td width=\"514\">University of Belas, Luanda-Angola<\/td><\/tr><tr><td>100<\/td><td width=\"437\">Khokhy Sefo Maria Barros<\/td><td width=\"514\">Polytechnic Institute of Ndalatando. Cuanza Norte, Angola &amp; Federal University of Cear\u00e1. Cear\u00e1, Brasil<\/td><\/tr><tr><td>101<\/td><td>Kiesse Manuel Metuma Mateus<\/td><td>AEURNM, Malanje-Angola<\/td><\/tr><tr><td>102<\/td><td>Kinsumba Pedro Ant\u00f3nio<\/td><td>URNM, Malanje-Angola<\/td><\/tr><tr><td>103<\/td><td>Lauriana Gon\u00e7alves Gola<\/td><td>URNM, Malanje-Angola<\/td><\/tr><tr><td>104<\/td><td>Lemba Alfredo Mateus<\/td><td>URNM, Malanje-Angola<\/td><\/tr><tr><td>105<\/td><td>Lola Ndofusu<\/td><td>ISCAT, Malanje-Angola<\/td><\/tr><tr><td>106<\/td><td>Lourdes Eunice Figueira Jamona\u00a0<\/td><td>Agri-food Institute of Technology, Rainha Njinga a Mbande University,\u00a0Malanje-Angola<\/td><\/tr><tr><td>107<\/td><td>Lucas David Ant\u00f3nio Rodrigues<\/td><td>URNM, Malanje-Angola<\/td><\/tr><tr><td>108<\/td><td>Lucas Domingos Catumbi<\/td><td>URNM, Malanje-Angola<\/td><\/tr><tr><td>109<\/td><td>L\u00facia Sofia Valentim<\/td><td>URNM, Malanje-Angola<\/td><\/tr><tr><td>110<\/td><td>Lu\u00eds Matias Eduardo Carlos<\/td><td>AEURNM, Malanje-Angola<\/td><\/tr><tr><td>111<\/td><td width=\"437\">Maboko Samuel Mphosi<\/td><td>University of Limpopo, RSA<\/td><\/tr><tr><td>112<\/td><td>Manuel Jo\u00e3o Leco Domingos<\/td><td>AEURNM, Malanje-Angola<\/td><\/tr><tr><td>113<\/td><td>Margarida Colombo janota<\/td><td>AEURNM, Malanje-Angola<\/td><\/tr><tr><td>114<\/td><td>Maria da Silva Lara<\/td><td>AEURNM, Malanje-Angola<\/td><\/tr><tr><td>115<\/td><td>Maria de Almeida Serafim<\/td><td>AEURNM, Malanje-Angola<\/td><\/tr><tr><td>116<\/td><td width=\"437\">Maria de Jesus Muquenda Mangumbala<\/td><td width=\"514\">Lucr\u00e9cia Paim Hospital Maternity, Luanda-Angola<\/td><\/tr><tr><td>117<\/td><td>Maria Hugueth Dias Jacinto Francisco<\/td><td>AEURNM, Malanje-Angola<\/td><\/tr><tr><td>118<\/td><td>Maria Neto<\/td><td>MESCTI, Luanda-Angola<\/td><\/tr><tr><td>119<\/td><td>M\u00e1rio da Piedade Congo<\/td><td>URNM, Malanje-Angola<\/td><\/tr><tr><td>120<\/td><td>M\u00e1rio Gaspar Cassambu\u00e2<\/td><td>AEURNM, Malanje-Angola<\/td><\/tr><tr><td>121<\/td><td width=\"437\">Mashilo M. Matotoka<\/td><td>University of Limpopo, RSA<\/td><\/tr><tr><td>122<\/td><td>Mateus Ferreira Alfredo Gon\u00e7alves<\/td><td>URNM, Malanje-Angola<\/td><\/tr><tr><td>123<\/td><td>Maura Fernanda Rom\u00e3o Gon\u00e7alves<\/td><td>URNM, Malanje-Angola<\/td><\/tr><tr><td>124<\/td><td>Monizi Mawunu<\/td><td>Department of Agronomy, Kimpa Vita University, U\u00edge-Angola<\/td><\/tr><tr><td>125<\/td><td>Monteiro Jo\u00e3o Paposseco Camassa<\/td><td>AEURNM, Malanje-Angola<\/td><\/tr><tr><td>126<\/td><td>Musole Tchisola<\/td><td>URNM, Malanje-Angola<\/td><\/tr><tr><td>127<\/td><td>Nassoma Horas<\/td><td>Central library &amp; Department of Sciences Rainha Njinga a Mbande University, Malanje-Angola<\/td><\/tr><tr><td>128<\/td><td>Nataniela Ganga<\/td><td>URNM, Malanje-Angola<\/td><\/tr><tr><td>129<\/td><td>Ndombele Daniel Ant\u00f3nio<\/td><td>URNM, Malanje-Angola<\/td><\/tr><tr><td>130<\/td><td>Ngombo Makaya Armando<\/td><td>UNIKIVI, U\u00edge-Angola &amp; URNM, Malanje-Angola<\/td><\/tr><tr><td>131<\/td><td>Nilton Andr\u00e9 Paulo<\/td><td>URNM, Malanje-Angola<\/td><\/tr><tr><td>132<\/td><td>N\u00f3rcia Rosalina Jacinto Victor<\/td><td>URNM, Malanje-Angola<\/td><\/tr><tr><td>133<\/td><td>Nzayadio mampasi<\/td><td>Department of Agronomy, Kimpa Vita University, U\u00edge-Angola<\/td><\/tr><tr><td>134<\/td><td width=\"437\">Orlando In\u00e1cio Jalane<\/td><td width=\"514\">Mozambique Agrarian Research Institute. Maputo, Mozambique &amp; Federal University of Cear\u00e1. Cear\u00e1, Brasil<\/td><\/tr><tr><td>135<\/td><td>Ornelas Vasco Rodrigues Sawambo<\/td><td>URNM, Malanje-Angola<\/td><\/tr><tr><td>136<\/td><td>Osvaldo Fernando Muondo Queta<\/td><td>URNM, Malanje-Angola<\/td><\/tr><tr><td>137<\/td><td>Osvaldo Manuel Pelinganga<\/td><td>URNM. Malanje-Angola &amp; Politechnic Institute of Cuanza Sul, Sumbe, Cuanza Sul-Angola<\/td><\/tr><tr><td>138<\/td><td>Osvaldo Nascimento<\/td><td>URNM, Malanje-Angola<\/td><\/tr><tr><td>139<\/td><td>Ozete Alzira Baptista\u00a0<\/td><td>URNM, Malanje-Angola<\/td><\/tr><tr><td>140<\/td><td>Paci\u00eancia Nanga<\/td><td>IIV, Malanje-Angola<\/td><\/tr><tr><td>141<\/td><td>Paix\u00e3o Ant\u00f3nio Manuel Miguel<\/td><td>URNM, Malanje-Angola<\/td><\/tr><tr><td>142<\/td><td>Pascoal Kiluando<\/td><td>Faculty of Engineering and New Technologies, Greg\u00f3rio Semedo, University. Luanda-Angola<\/td><\/tr><tr><td>143<\/td><td>Paula Fragoso Manuel<\/td><td>Agri-food Institute of Technology, Rainha Njinga a Mbande University,\u00a0Malanje-Angola<\/td><\/tr><tr><td>144<\/td><td width=\"437\">Paulo Ant\u00f3nio Lucas<\/td><td width=\"514\">University of Belas, Luanda-Angola<\/td><\/tr><tr><td>145<\/td><td>Pedro A. Da Costa<\/td><td>ISCAT, Malanje-Angola<\/td><\/tr><tr><td>146<\/td><td>Pedro Constantino Rufino Caetano<\/td><td>URNM, Malanje-Angola<\/td><\/tr><tr><td>147<\/td><td>Pedro Esteves Manuel<\/td><td>URNM, Malanje-Angola<\/td><\/tr><tr><td>148<\/td><td>Pedro Mateus Jo\u00e3o Guari\u00a0<\/td><td>URNM, Malanje-Angola<\/td><\/tr><tr><td>149<\/td><td>Rafael Lodezma Tamayo Caballero<\/td><td>Universidad de Moa Dr. Antonio N\u00fa\u00f1ez Jim\u00e9nez, Holgu\u00edn-Cuba. &amp; URNM, Malanje-Angola<\/td><\/tr><tr><td>150<\/td><td>Ridoc Adriano Gonga<\/td><td>URNM, Malanje-Angola<\/td><\/tr><tr><td>151<\/td><td>Rojudelva Esperan\u00e7a Prata S. Chipuco<\/td><td>URNM, Malanje-Angola<\/td><\/tr><tr><td>152<\/td><td width=\"437\">Rosa Cruz e Silva<\/td><td>Angola<\/td><\/tr><tr><td>153<\/td><td>Santos Domingos Pedro Dias<\/td><td>URNM, Malanje-Angola<\/td><\/tr><tr><td>154<\/td><td width=\"437\">Sim\u00e3o Selezi<\/td><td width=\"514\">Cuito Cuanavale University, Cuando Cubango-Angola.<\/td><\/tr><tr><td>155<\/td><td>Simone Alves Sebasti\u00e3o<\/td><td>URNM, Malanje-Angola<\/td><\/tr><tr><td>156<\/td><td width=\"437\">S\u00f3nia Cristina Cardoso dos Santos Silva<\/td><td width=\"514\">Law School, Katyavala Bwila University, Benguela-Angola<\/td><\/tr><tr><td>157<\/td><td>Tatiana gracinda Augusto Oliveira<\/td><td>URNM, Malanje-Angola<\/td><\/tr><tr><td>158<\/td><td>Tazi Nimi Maria<\/td><td>URNM, Malanje-Angola<\/td><\/tr><tr><td>159<\/td><td>Teixeira Bige<\/td><td>IIA, Malanje-Angola<\/td><\/tr><tr><td>160<\/td><td>Tom\u00e1sia Francisca Estev\u00e3o Morais Jo\u00e3o<\/td><td>URNM, Malanje-Angola<\/td><\/tr><tr><td>161<\/td><td width=\"437\">Uchechukwu Nwodo<\/td><td>University of Fort Hare, RSA<\/td><\/tr><tr><td>162<\/td><td>Valeriano Kamboma Laura Mayele<\/td><td>URNM, Malanje-Angola<\/td><\/tr><tr><td>163<\/td><td>Ven\u00e2ncio Ribalta Ribalta<\/td><td>Polytechnic Institute, University Rainha Njinga a Mbande. Malanje,\u00a0Angola<\/td><\/tr><tr><td>164<\/td><td>Ventura F.M. Da Silva<\/td><td>ISCAT, Malanje-Angola<\/td><\/tr><tr><td>165<\/td><td>Vicente Samuel Nzage Quicassa<\/td><td>URNM, Malanje-Angola<\/td><\/tr><tr><td>166<\/td><td width=\"437\">Vivaz Bandeira<\/td><td width=\"514\">Federal University of Paran\u00e1. Curitiba, Brasil, Agostinho Neto University, Luanda-Angola<\/td><\/tr><tr><td>167<\/td><td>Xavier Pedro Jos\u00e9<\/td><td>URNM, Malanje-Angola<\/td><\/tr><tr><td>168<\/td><td>Yolanda Fuma<\/td><td>MESCTI, Luanda-Angola<\/td><\/tr><tr><td>169<\/td><td>Yolanda Wayanga Meti<\/td><td>URNM, Malanje-Angola<\/td><\/tr><\/tbody><\/table>\t\t\t\t\t\t\t\t<\/div>\n\t\t\t\t<\/div>\n\t\t\t\t<\/div>\n\t\t\t\t<\/div>\n\t\t","protected":false},"excerpt":{"rendered":"<p>N.\u00ba Attendants Affiliations 1 Ad\u00e3o Manuel Correia Jo\u00e3o URNM, Malanje-Angola 2 Adelino Manuel Ad\u00e3o URNM, Malanje-Angola 3 Adelino Tchilanda Tchivango Department of Health Sciences, Rainha Njinga a Mbande University, Malanje-Angola 4 Adilson Serrote de Sousa URNM, Malanje-Angola 5 Ageu Ad\u00e3o Lora Serrote URNM, Malanje-Angola 6 Ageu Sa\u00f1gala Polytechnic Institute, University Rainha Njinga a Mbande. Malanje,\u00a0Angola 7 Aires Guilherme Vunge Quissanga&#8230;<\/p>\n","protected":false},"author":1,"featured_media":0,"parent":0,"menu_order":0,"comment_status":"closed","ping_status":"closed","template":"","meta":{"footnotes":""},"class_list":["post-1645","page","type-page","status-publish","hentry"],"_links":{"self":[{"href":"https:\/\/isc.urnm.edu.ao\/2023\/wp-json\/wp\/v2\/pages\/1645","targetHints":{"allow":["GET"]}}],"collection":[{"href":"https:\/\/isc.urnm.edu.ao\/2023\/wp-json\/wp\/v2\/pages"}],"about":[{"href":"https:\/\/isc.urnm.edu.ao\/2023\/wp-json\/wp\/v2\/types\/page"}],"author":[{"embeddable":true,"href":"https:\/\/isc.urnm.edu.ao\/2023\/wp-json\/wp\/v2\/users\/1"}],"replies":[{"embeddable":true,"href":"https:\/\/isc.urnm.edu.ao\/2023\/wp-json\/wp\/v2\/comments?post=1645"}],"version-history":[{"count":50,"href":"https:\/\/isc.urnm.edu.ao\/2023\/wp-json\/wp\/v2\/pages\/1645\/revisions"}],"predecessor-version":[{"id":1851,"href":"https:\/\/isc.urnm.edu.ao\/2023\/wp-json\/wp\/v2\/pages\/1645\/revisions\/1851"}],"wp:attachment":[{"href":"https:\/\/isc.urnm.edu.ao\/2023\/wp-json\/wp\/v2\/media?parent=1645"}],"curies":[{"name":"wp","href":"https:\/\/api.w.org\/{rel}","templated":true}]}}